f o?
2
What are the prime factors of (190/15)/((-2)/(-3))?
19
Let n be (-4)/(1 - (-4)/(-3)). Let d(y) = -y**3 + 4. Let c be d(0). Let z = n - c. List the prime factors of z.
2
Suppose 3*q - 5*h = 0, -h = 3*q - 0*q - 18. Suppose -22*u - 8 = -20*u. Let s = q - u. List the prime factors of s.
3
Suppose 2*b + 1472 = 5*y, 5*y + 2*b - 512 = 976. List the prime factors of y.
2, 37
Let b(f) = f - 6. Let s be b(8). Suppose s*x - 4 = 2. List the prime factors of x.
3
Suppose -5*s + 3*s = k + 14, 0 = -3*s - k - 19. Let w be 13 + 0 + (-3 - -5). Let x = s + w. List the prime factors of x.
2, 5
Let d = -4 + 8. Suppose -3*y = 5*f - 83, 0 = -4*f - 4*y + 64 + d. List the prime factors of f.
2
Let w(q) = q**2 - q. Let p be w(-2). Suppose -p*k = -3*k. Suppose k = 4*n + n - 25. What are the prime factors of n?
5
Suppose 17 + 7 = 2*h. What are the prime factors of 2 - (h*-3 - -1)?
37
Let o(c) = -c**3 + c + 1. Let l be o(-1). Let j(p) = 6*p**3 + p**2. Let z be j(l). List the prime factors of (-8)/(-4)*z/2.
7
Let d(o) = -o**2 + 7*o + 3. What are the prime factors of d(6)?
3
Suppose -12 = -4*j + j, 4*q = -5*j + 544. List the prime factors of q.
131
Suppose 2*o + 8 = 0, s + 5*o - 90 = -4*s. List the prime factors of s.
2, 11
Let n be 2 + -4 - (-2 + 5). Let o(r) = -r**3 - 3*r**2 + 4*r - 7. What are the prime factors of o(n)?
23
Suppose 447 = 3*f + 3*p, 2*f = -3*p + 2*p + 299. Suppose 3*b - f = -2*g, 106 = 4*b - 2*g - 80. List the prime factors of b.
2, 3
Let d(u) = -u**2 + u + 48. Let i be d(0). Suppose r + 2*r + i = 0. Let o = -7 - r. What are the prime factors of o?
3
Let g(k) = -6 - k + 6. Let w be g(-3). Suppose -4*j + 63 = w*c, 11 + 9 = 4*c. What are the prime factors of j?
2, 3
Let o(s) = -s**2 + 6*s - 2. Let a be o(5). Suppose 0 = -4*v + a*b + 44, -b = v - 4 - 7. What are the prime factors of v?
11
Let h(q) = 33*q**2 - 4*q - 7. What are the prime factors of h(-2)?
7, 19
Suppose 4*b - 1 = 3*w - 3, -1 = -b. Suppose 2*f + w = 26. What are the prime factors of f?
2, 3
Suppose -2*t - 1 + 3 = 0. Suppose 0 = 3*r - 2*c, -2*r - c - 4*c = -19. List the prime factors of r + (t - 3 - -3).
3
Let f(h) = 2*h**2 - 10*h + 1. Let m(t) = -t**2 + 5*t - 1. Let s(g) = 3*f(g) + 5*m(g). List the prime factors of s(6).
2
Let w(x) = -x - 5. Let d be w(-9). Suppose -d*l = l - 15. List the prime factors of l.
3
Let h(w) = -32*w + 6. What are the prime factors of h(-2)?
2, 5, 7
Let x(z) = -z**2 + z + 3. Let n be x(0). Suppose -4*q + n = -3*q. Suppose 12 = 3*f, q*f - 32 = -2*b - 2*f. List the prime factors of b.
2, 3
Let v be (-1)/((-2)/(-22) - 0). Let c = 5 - v. What are the prime factors of c?
2
Let m(d) = -d**3 - 18*d**2 + 15*d - 26. List the prime factors of m(-19).
2, 5
Let p = -3 + 26. Let c = 18 + -7. Let g = p - c. What are the prime factors of g?
2, 3
Let q(k) = -k**2 + 26*k - 4. List the prime factors of q(10).
2, 3, 13
Let p = 2 + -4. Let w be 4 + p + 1 + -10. What are the prime factors of 2/((-9)/w - 1)?
7
List the prime factors of 4 - (9/(-3) - 29).
2, 3
Suppose 2*c - 8 = 4*c. Let a = c - -10. What are the prime factors of a?
2, 3
Let z = 43 - 75. Let i = -18 - z. List the prime factors of i.
2, 7
Let v = -12 + 56. What are the prime factors of v?
2, 11
Let f(i) = 84*i**2 - i. List the prime factors of f(-1).
5, 17
Let f(j) = -j**3 - 7*j**2 + 14*j + 9. What are the prime factors of f(-10)?
13
Suppose 9 = 2*z - 153. What are the prime factors of z?
3
Suppose 0 = 3*f + 115 - 313. List the prime factors of f.
2, 3, 11
What are the prime factors of (-1)/(-1 - (-9)/6)*-37?
2, 37
What are the prime factors of 9*1 + (7 - 5)?
11
Let j(y) = y - 1. Let h be j(7). Suppose -q = 2*s - 45, -h*s + 3*s - 171 = -3*q. List the prime factors of q.
53
Let l(g) = 123*g**2 - g - 1. Let s be l(-1). Suppose 4*a - s = -43. What are the prime factors of a?
2, 5
Suppose c + 0*c + 33 = 0. Let r = -17 - c. List the prime factors of r.
2
Let v(g) = -8*g - 3. Let n(i) = -25*i - 10. Let o(z) = -3*n(z) + 10*v(z). List the prime factors of o(-3).
3, 5
Let j(i) = -i**3 - 6*i**2 + 3*i + 6. Let n be j(-6). Let m(w) = -w + 19. Let c be m(0). Let f = n + c. List the prime factors of f.
7
Let t be ((-4)/(-5))/(4/70). Suppose o + 3*n - 4 = t, 3*o = n + 14. What are the prime factors of o?
2, 3
Let k = -13 - 5. Let l = 68 + k. List the prime factors of l.
2, 5
Let h = 5 + -2. Suppose -x - 52 = -h*g, 110 - 32 = 4*g + 3*x. What are the prime factors of g?
2, 3
Suppose 31*o - 524 = 27*o. What are the prime factors of o?
131
Let n = -18 - -25. Suppose -2*r - t = -n*r + 262, 165 = 3*r + 2*t. Let d = r + -38. What are the prime factors of d?
3, 5
Let d = -5 - -11. Let o = d + -11. List the prime factors of (-3)/o*15*1.
3
Suppose -2*p - 4*a = 3*p - 1126, -p + 5*a = -231. List the prime factors of p.
2, 113
List the prime factors of ((-177)/6)/((-1)/4) + 4.
2, 61
Let c be 0 + 3 - (-6 - -6). Suppose -3*u = x - 24, 4*u + c = 2*x - 5. Suppose x = f + f. What are the prime factors of f?
2, 3
Let u(r) = 2*r**2 + 5*r + 3. Let d(w) = -w**3 + 5*w**2 - 3*w + 2. Let t be d(4). Suppose -4*k - 2*o = -t*o + 8, 0 = o + 1. What are the prime factors of u(k)?
2, 3
Let d(v) = -5 - 2 + 4 - 3 + v. List the prime factors of d(11).
5
Let b(t) = t**3 - 12*t**2 + 12*t - 5. Let h be (-228)/(-20) + (-6)/15. What are the prime factors of b(h)?
2, 3
Suppose 9*y - 4*y - 990 = 0. What are the prime factors of y?
2, 3, 11
Let r(s) = s**3 - 3*s**2 + 2*s - 2. Let n be r(2). Let h = 0 - n. List the prime factors of h.
2
Let t(i) = -29*i + 2. Let c(s) = -14*s + 1. Let q(p) = 7*c(p) - 3*t(p). What are the prime factors of q(-1)?
2, 3
Suppose 5*d - 9 = 4*t - 0, -2*d = 2*t - 18. Suppose -4*b - 118 = -5*u, 2*u - d*b = 4*u - 34. What are the prime factors of u?
2, 11
Suppose 5 - 17 = -3*c. List the prime factors of c.
2
Suppose -5*d + 33 = -27. Suppose 5*t - d - 3 = 0. List the prime factors of t.
3
Suppose 2*n = 3*n. Let r be -4 - (n/1 + -1). What are the prime factors of r + 11 - (-1 - -1)?
2
What are the prime factors of 1008/32 + (-2)/4?
31
Let l(k) = -k**3 + 8*k**2 - 6*k + 5. What are the prime factors of l(6)?
41
Suppose -2*a - 3*t + 39 = -9, 4*a - 52 = 5*t. List the prime factors of a.
2, 3
Suppose -2*i + i + d = -20, i - 17 = 2*d. Suppose i = 5*z - 2. Suppose -2*k + z = -5. List the prime factors of k.
5
Let l(b) = -11 - 19*b - 7 + 17. What are the prime factors of l(-3)?
2, 7
Let s(n) = -4 - 3*n**2 - 3 + 4*n**2 - 4*n. Let t be s(5). List the prime factors of 7 - (-2)/(4 + t).
2
Suppose -3*l + 5*z + 41 = 0, -5*z = -2*l + 8 + 26. Let k = l - 5. Suppose -7*r + t = -k*r - 56, -t = -4*r + 44. List the prime factors of r.
2, 3
Let g(j) = 3*j + 20. List the prime factors of g(15).
5, 13
Let q(w) = 1 - 5 + 11 + 3 - w. List the prime factors of q(0).
2, 5
Suppose 0*v + 2*s = -v + 13, 4*v - 117 = 5*s. What are the prime factors of v?
23
Suppose -132 = -5*p + 5*s + 3, p + 3 = -5*s. List the prime factors of p.
2, 11
Let k(r) be the second derivative of -r**3/2 + r**2/2 - r. What are the prime factors of k(-2)?
7
Let a(p) = 4*p**2 - 5*p + 1. Suppose h + 12 = -2*h. Let x be a(h). Suppose -6*y + y + x = 0. What are the prime factors of y?
17
Suppose 4*w = 4*g + 556, g + 541 = 4*w - 0*g. List the prime factors of w.
2, 67
Suppose 4*c + 3 = 23. Suppose 2*k + 32 = 3*k + c*n, 5*n = -4*k + 158. What are the prime factors of k?
2, 3, 7
Let w = -3 + 12. List the prime factors of 6 - w/(-12)*-4.
3
Suppose 7*l - 4 = 3*l, 0 = -3*s - 5*l + 29. Let r(c) be the second derivative of c**3/6 - 5*c**2/2 - c. List the prime factors of r(s).
3
Suppose -2*n + 19 = -87. List the prime factors of n.
53
Let m(h) = h**3 - 2*h**2 + h. Let g(q) = 3*q**2 - q. Let i be g(1). What are the prime factors of m(i)?
2
Let f = -3 + 9. What are the prime factors of 50/f - 7/21?
2
Let g = -48 - -33. What are the prime factors of (-19)/(-3) + 5/g?
2, 3
Suppose 152 = 10*x - 6*x. List the prime factors of x.
2, 19
What are the prime factors of (-3)/1 + (6 - -60)?
3, 7
Let c = -5 + 10. Let j = 12 - c. Let i(r) = -r**2 + 9*r - 7. List the prime factors of i(j).
7
Let u(n) = 3*n - 1 - 4*n - 6. Let w be u(-7). Suppose w = 4*b - 12. What are the prime factors of b?
3
Let c(x) = x**3 + 6*x**2 + 3*x - 2. Let s be c(-5). Let h = -12 + s. What are the prime factors of 40/7 - h/14?
2, 3
Let i(c) = 4*c + 19. List th